eatest common factor of 4 and 156?
4
What is the highest common factor of 23 and 1081?
23
What is the highest common divisor of 8512 and 1344?
448
What is the highest common divisor of 46 and 2231?
23
What is the greatest common factor of 22 and 3179?
11
Calculate the highest common factor of 165 and 1122.
33
What is the greatest common factor of 306 and 255?
51
Calculate the highest common factor of 224 and 70.
14
What is the greatest common divisor of 11076 and 156?
156
Calculate the highest common divisor of 476 and 7532.
28
What is the highest common divisor of 36 and 708?
12
Calculate the greatest common divisor of 12 and 4380.
12
Calculate the greatest common divisor of 5776 and 1064.
152
Calculate the greatest common factor of 1045 and 220.
55
Calculate the greatest common factor of 49 and 14.
7
What is the greatest common factor of 4 and 12?
4
Calculate the greatest common factor of 32994 and 117.
117
Calculate the greatest common divisor of 133 and 77.
7
What is the highest common divisor of 39 and 39?
39
Calculate the highest common divisor of 20 and 640.
20
What is the greatest common divisor of 2214 and 27?
27
What is the highest common divisor of 1028 and 1285?
257
Calculate the highest common divisor of 1 and 4591.
1
What is the greatest common divisor of 8 and 808?
8
Calculate the greatest common divisor of 30 and 160.
10
Calculate the highest common factor of 48 and 5648.
16
What is the highest common factor of 8385 and 390?
195
What is the highest common divisor of 10056 and 48?
24
What is the greatest common divisor of 126 and 7602?
42
Calculate the greatest common divisor of 105 and 13125.
105
What is the highest common factor of 14571 and 9?
9
What is the highest common factor of 100 and 176?
4
What is the highest common factor of 96 and 240?
48
Calculate the highest common divisor of 44 and 594.
22
Calculate the highest common divisor of 8046 and 432.
54
Calculate the greatest common factor of 7705 and 230.
115
Calculate the highest common divisor of 292 and 2628.
292
Calculate the highest common factor of 1736 and 168.
56
What is the highest common divisor of 198 and 18?
18
Calculate the greatest common divisor of 86 and 11266.
86
What is the highest common divisor of 266 and 252?
14
Calculate the greatest common divisor of 216 and 360.
72
Calculate the highest common divisor of 3728 and 64.
16
Calculate the highest common divisor of 3675 and 2325.
75
What is the highest common divisor of 1591 and 86?
43
What is the highest common factor of 77 and 110?
11
What is the highest common factor of 207 and 22563?
207
What is the highest common divisor of 119 and 68?
17
Calculate the highest common factor of 42 and 21.
21
Calculate the greatest common divisor of 90 and 2394.
18
What is the highest common factor of 1470 and 60?
30
Calculate the greatest common divisor of 19 and 39577.
19
What is the highest common factor of 54 and 864?
54
What is the greatest common divisor of 248 and 620?
124
Calculate the highest common divisor of 31250 and 500.
250
What is the highest common divisor of 128 and 4?
4
Calculate the greatest common divisor of 160 and 40.
40
What is the highest common divisor of 130 and 494?
26
What is the highest common divisor of 235 and 47?
47
Calculate the highest common divisor of 25 and 10475.
25
What is the highest common divisor of 354 and 66?
6
What is the highest common factor of 152 and 8?
8
Calculate the highest common divisor of 138 and 12.
6
Calculate the greatest common divisor of 4031 and 417.
139
Calculate the highest common factor of 663 and 39.
39
Calculate the greatest common divisor of 12 and 1872.
12
What is the highest common divisor of 180 and 405?
45
Calculate the highest common divisor of 2944 and 23.
23
What is the greatest common factor of 147 and 245?
49
Calculate the greatest common divisor of 400 and 450.
50
What is the highest common factor of 846 and 1786?
94
What is the greatest common divisor of 644 and 168?
28
Calculate the highest common factor of 28 and 266.
14
What is the highest common divisor of 111 and 259?
37
What is the greatest common divisor of 4 and 15572?
4
What is the greatest common divisor of 105 and 15?
15
Calculate the greatest common factor of 38028 and 12.
12
What is the highest common factor of 41 and 1517?
41
Calculate the greatest common divisor of 42704 and 157.
157
Calculate the greatest common divisor of 316 and 172.
4
What is the highest common factor of 200 and 1250?
50
What is the highest common factor of 96 and 336?
48
What is the highest common divisor of 102 and 4420?
34
What is the highest common divisor of 19722 and 171?
57
What is the highest common divisor of 4741 and 11?
11
What is the highest common factor of 170 and 34?
34
Calculate the highest common factor of 1 and 64.
1
What is the greatest common divisor of 16 and 2560?
16
What is the highest common factor of 1798 and 116?
58
Calculate the highest common divisor of 4923 and 9.
9
What is the highest common factor of 98 and 4?
2
What is the greatest common factor of 477 and 36?
9
What is the highest common factor of 390 and 377?
13
What is the greatest common factor of 15 and 10365?
15
Calculate the highest common factor of 752 and 128.
16
What is the highest common divisor of 429 and 65?
13
Calculate the highest common factor of 252 and 2628.
36
What is the highest common divisor of 1952 and 448?
32
What is the highest common divisor of 9900 and 55?
55
What is the greatest common divisor of 33328 and 16?
16
Calculate the highest common divisor of 11744 and 32.
32
Calculate the greatest common divisor of 464 and 87.
29
Calculate the greatest common divisor of 128 and 208.
16
Calculate the highest common factor of 3820 and 20.
20
Calculate the greatest common factor of 39 and 1651.
13
What is the greatest common divisor of 36 and 396?
36
What is the greatest common divisor of 616 and 56?
56
Calculate the greatest common divisor of 3852 and 9.
9
Calculate the greatest common factor of 52 and 6019.
13
What is the highest common divisor of 6 and 11874?
6
Calculate the greatest common divisor of 31 and 7533.
31
Calculate the greatest common divisor of 178 and 8.
2
What is the highest common divisor of 208 and 128?
16
What is the highest common factor of 468 and 324?
36
Calculate the highest common divisor of 2896 and 32.
16
Calculate the greatest common divisor of 36 and 12.
12
Calculate the highest common factor of 420 and 2160.
60
Calculate the highest common divisor of 333 and 18.
9
What is the greatest common divisor of 100 and 21100?
100
What is the highest common divisor of 14 and 1498?
14
What is the highest common divisor of 210 and 1860?
30
What is the highest common factor of 14 and 4886?
14
Calculate the highest common factor of 30 and 960.
30
Calculate the highest common factor of 1449 and 117.
9
Calculate the greatest common divisor of 120 and 1060.
20
Calculate the highest common factor of 9 and 2169.
9
What is the greatest common factor of 256 and 4?
4
Calculate the highest common divisor of 5 and 125.
5
Calculate the highest common factor of 564 and 14946.
282
What is the greatest common divisor of 3901 and 47?
47
What is the highest common divisor of 339 and 4972?
113
What is the greatest common factor of 68 and 51?
17
Calculate the greatest common factor of 400 and 480.
80
Calculate the greatest common divisor of 3132 and 81.
27
What is the greatest common factor of 76 and 1444?
76
Calculate the highest common divisor of 2 and 11.
1
What is the greatest common divisor of 2720 and 612?
68
What is the highest common factor of 21 and 231?
21
What is the highest common divisor of 216 and 8?
8
What is the highest common divisor of 89 and 5251?
89
Calculate the greatest common factor of 44 and 3278.
22
What is the greatest common factor of 69369 and 57?
57
What is the greatest common divisor of 14 and 38206?
14
What is the greatest common divisor of 791 and 28?
7
What is the highest common divisor of 9 and 1179?
9
Calculate the highest common factor of 116 and 4118.
58
What is the greatest common factor of 56979 and 117?
117
Calculate the highest common factor of 7 and 17.
1
What is the greatest common divisor of 58 and 1015?
29
Calculate the highest common divisor of 624 and 48.